r) = 6*d(r) - 13*v(r). What are the prime factors of q(-9)?
2, 5, 31
What are the prime factors of 18993*(-2 + (-39)/(-13))?
3, 13, 487
Let d(s) = 2*s**2 + 488*s + 13. What are the prime factors of d(30)?
16453
Let v = -1707 + 3241. What are the prime factors of v?
2, 13, 59
Suppose -12*q = -9*q + 96. Let m = 34 + q. Suppose 3*k - u = -3*u + 107, -m*k = -u - 69. What are the prime factors of k?
5, 7
Let c(m) be the first derivative of m**4/4 + 8*m**3/3 - 3*m**2/2 + 4*m + 172. Suppose 5*x + 26 = -9. What are the prime factors of c(x)?
2, 37
Suppose -2*j = 2*v + 712, 7*j - 1469 = 4*v + 2*j. Suppose 9*c + m = 7*c - 342, -2*c + 4*m = 342. Let l = c - v. What are the prime factors of l?
2, 5, 19
Suppose -5*v - 4*x - 192 = 0, -6*x = -2*x + 12. Let m = v - -30. Let t = 2 - m. What are the prime factors of t?
2
Let s = 88 - -90. Suppose 20*a - 16*a = 1496. Suppose -m + 5*m = 5*l + a, 2*l - s = -2*m. What are the prime factors of m?
7, 13
Let p = 25 + -20. Suppose 3*v + 7*w - p*w = 1796, 0 = 3*v - w - 1811. List the prime factors of v.
2, 7, 43
Let b = 15438 - 3956. List the prime factors of b.
2, 5741
Let m(h) = 197*h - 1177. What are the prime factors of m(8)?
3, 7, 19
Let n = 77594 - -2384. List the prime factors of n.
2, 39989
Let a be (-3)/(15/6 + -4). Suppose -a*o = -2*c + 1040, 4*c - 2*o = -o + 2092. List the prime factors of c.
2, 131
Suppose s + 5*i = -146, -2*i = 2*s + i + 257. Let y = s + -8. Let b = 16 - y. What are the prime factors of b?
5, 29
Suppose 0 = -f - 5*c + 19, -33*c + 29*c + 24 = 3*f. Let b = 97 - 33. Suppose b = -f*n + 8*n. What are the prime factors of n?
2
Suppose 120041 - 35925 + 52244 = 20*t. List the prime factors of t.
2, 7, 487
Suppose 0 = 263*k - 266*k + 11355. Let u = k - 2129. List the prime factors of u.
2, 3, 23
Let n = 3166 + 7130. List the prime factors of n.
2, 3, 11, 13
List the prime factors of 6965011/817 + 4/(-38).
5, 11, 31
Suppose 30*t - 61348 - 42602 = 0. What are the prime factors of t?
3, 5, 7, 11
Let n(h) = -5*h - 23. Let x(g) = -4*g**3 + 5*g**2 + 6*g - 1. Let z be x(3). Let i = z - -32. What are the prime factors of n(i)?
47
Let k(d) = -17*d**3 + 20*d**2 + 2*d - 61. Let j(o) = 3*o**3 + 1. Let b(u) = 6*j(u) + k(u). List the prime factors of b(-17).
2, 389
Let x(y) = 151*y**2 + 2*y + 1. Let w be x(2). Let v = w - 351. What are the prime factors of v?
2, 3, 43
Suppose 3*z + 28*z - 155 = 0. Suppose 4*h = -51*g + 56*g + 4573, -z*h + 5*g + 5710 = 0. What are the prime factors of h?
3, 379
Let h be (-73)/(-1 - -2 - 0). Let a(n) = -n**3 - 61*n**2 + 124*n - 129. Let v be a(-63). Let w = v - h. List the prime factors of w.
2, 5, 7
Suppose -184*h + 187*h - 342 = 2*l, -3*l = -4*h + 454. Let k(d) = 10*d - 1. Let z be k(-1). Let q = z + h. What are the prime factors of q?
107
Suppose -2*j = 14*q - 13*q - 19881, -j = -4*q - 9936. What are the prime factors of j?
2, 5, 7, 71
What are the prime factors of 2375/(264/20 + -13)?
5, 19
Let r(n) = n**2 + 3*n + 10. Let j be r(-3). Suppose 3*u = 8*u - j. Suppose 149 = 2*w - 5*x, 0*w + x - 179 = -u*w. What are the prime factors of w?
3, 29
Let i = -61 + 61. Suppose i = -7*t + 4*t - o - 136, 0 = -2*o + 4. Let d = -25 - t. List the prime factors of d.
3, 7
Suppose 0 = -30*u + 382133 + 741217. What are the prime factors of u?
5, 7489
Let v be 2/(-12)*-2 + (-81562)/(-78). Let z = v + -494. What are the prime factors of z?
2, 3, 23
Let d = 21510 - 12297. List the prime factors of d.
3, 37, 83
Let g be -1 + 9/4 + 9/12. Let p(s) = 5*s**2 + 3*s**2 + 1 - g*s**2 - 3*s - 5*s. What are the prime factors of p(-5)?
191
Let l(u) = 2*u**3 - 23*u**2 - 26*u + 157. What are the prime factors of l(21)?
2, 5, 17, 47
Suppose 28452 = 2*s + 5*q - 9*q, 2*s = -5*q + 28443. What are the prime factors of s?
2, 7, 127
Let d = -10 - 6. Let x be 8649/99 + 64/(-176). What are the prime factors of 2*2/d + x/12?
7
Suppose 0 = -4*q - 4*d + 4, 2*q - 6*q + 19 = d. Suppose c - 561 = 3*i, -q*i = 2*c - i - 1089. What are the prime factors of c?
2, 3, 23
Let l = 3 - 2. Let t be (-7)/(-21) - (l - (-14)/(-3)). Suppose t*j - 205 = 519. What are the prime factors of j?
181
Suppose 36*s - 19*s = -16*s + 708345. List the prime factors of s.
3, 5, 53
Let z = 226 + -227. List the prime factors of (-1 + z)/(3/(-894)*2).
2, 149
Suppose 72 = -0*f + 2*f. Let c be (16/(-18))/((-58)/4959). Let g = c - f. What are the prime factors of g?
2, 5
Let q(w) = -26*w**3 + w**2 + w - 1. Let f be q(-1). List the prime factors of f/(-175) - 3172/(-7).
3, 151
Suppose 3 = -3*a, 3*v - a - 5 = -5*a. Let u be (2 - v)*(-3 - (-4)/(-4)). Suppose 2*k - 5*h = 297, -u*k - 4*h = h - 669. List the prime factors of k.
7, 23
Suppose 11*n - 7 = 15. Suppose -c + 6*c + n*w - 2348 = 0, c = 3*w + 473. List the prime factors of c.
2, 5, 47
Let b(q) = 42*q**3 - 2*q**2 - 16*q - 48. Let a be b(7). Suppose 10903 + a = 47*g. List the prime factors of g.
13, 41
Suppose 8*y = 6*y - 3*n - 153, 2*y + 2*n = -158. List the prime factors of 53/(-2)*y/6.
7, 53
Suppose 2*r - 6*r - s = -78643, 3*r - 59001 = 3*s. Suppose 23*o - 6075 = r. List the prime factors of o.
3, 373
Suppose 2*p - 3423 = -1257. What are the prime factors of p?
3, 19
What are the prime factors of 1*(432/24 + 53393)?
53411
Let j be 1395/6 + 1/(-2). Suppose -4*h + 5*a = -212, -6*h - 2*a + j = -h. Suppose h = 3*c - 687. What are the prime factors of c?
5, 7
Let w = -216 + 234. Suppose w*a + 8420 = 28*a. What are the prime factors of a?
2, 421
Let q(v) = -5*v**2 + 30*v - 8. Let w be q(13). Let l = -146 - w. What are the prime factors of l?
317
Suppose 0 = 24*y - 19*y - 3045. Let j = y + -346. Suppose 2*m = 5*w - j, -5*m - 9 = 5*w - 279. List the prime factors of w.
53
Let m = 25589 + -16676. List the prime factors of m.
3, 2971
Let z be (16/14)/(16/(-56)). Let p(o) = 6*o**2 - o - 13. What are the prime factors of p(z)?
3, 29
Let h(z) = -935*z - 706. What are the prime factors of h(-11)?
3, 31, 103
Suppose -2400 = -6*l - 2*l. List the prime factors of -4 + (5 - -2) + l.
3, 101
Let u(d) = -16*d**3 + 22*d**2 - 6*d - 106. Let o(s) = -3*s**3 + 4*s**2 - s - 21. Let a(g) = -22*o(g) + 4*u(g). List the prime factors of a(8).
2, 523
Let v(o) = 15*o**2 - 15*o + 125. List the prime factors of v(-21).
5, 17, 83
Let f = 364 + 295. Let x = 1279 - f. List the prime factors of x.
2, 5, 31
Let d = 2770 + 6792. What are the prime factors of d?
2, 7, 683
Let u(n) = -n**3 + 2*n + 7*n**2 - 10*n - 13 + n**2 + 2 + 4*n**2. Suppose -m - 2*v = 0, 4*m + 4*v = -m + 30. What are the prime factors of u(m)?
109
Suppose 0 = -0*f + 5*f + 15, 0 = 3*n - 4*f - 24. Suppose n*w - 21*x = -19*x + 2604, -3*w = x - 1963. List the prime factors of w.
653
Suppose 1486880 + 2040640 = 74*j - 614778. What are the prime factors of j?
3, 47, 397
Let y(t) = 5*t**2 - 8 + 6 - 14 - 6*t. Let o = 214 + -218. List the prime factors of y(o).
2, 11
Suppose 337*g = 338*g + 4*q - 4017, 2*q + 15960 = 4*g. List the prime factors of g.
3, 11
Let k(a) = -3*a - 92. Let t be k(-30). List the prime factors of ((-1 - -1) + t)/((-60)/5130).
3, 19
Suppose -3*a + 0*a + 24 = -4*s, 2 = -a - 2*s. Suppose 6 = 2*y - 2. Suppose 0 = 4*m - y, -o + a*m = m - 2. List the prime factors of o.
5
Let g(l) = 1594*l**2 - 11*l - 57. List the prime factors of g(-3).
2, 3, 7, 11, 31
Suppose -60738 = 9*v - 673787 - 42394. List the prime factors of v.
19, 3833
Let a = -29 + 31. Suppose 0 = 3*f - 3*b + a*b - 20, -4*b - 20 = 0. Suppose 3*s + 0*u - 82 = 2*u, -3*s = -f*u - 88. What are the prime factors of s?
2, 13
Let m(w) be the first derivative of 2*w**3 + 2*w**2 + 5*w - 2. Suppose -10*b + 5*b - 34 = 3*x, -5*b - 37 = 4*x. What are the prime factors of m(b)?
3, 5
What are the prime factors of (-17)/85*55 - -11481?
2, 5, 31, 37
Suppose -280*p = -275*p - 3*j - 19810, -j = 5*p - 19830. What are the prime factors of p?
5, 13, 61
What are the prime factors of ((-7194)/(-4))/((-255)/(-5780))?
2, 11, 17, 109
Let t be 4/(-18) - 32379/(-27). Let b = 1682 - t. Suppose -67 = -3*y + 5*h + 219, 5*y - 2*h = b. What are the prime factors of y?
97
Let c(t) = 3*t + 1 - 9 - 2*t + 4*t**2 - 11*t. Let z be c(5). Suppose -2*s = -z - 128. What are the prime factors of s?
5, 17
Suppose 5*c + 30 = 5*z, -c - z + 8 = -3*c. Let d be 76/(-57)*c/((-2)/(-279)). Suppose 3*t + d = 7*t. What are the prime factors of t?
3, 31
List th